6d - -7?
74
In base 7, what is -223 + -36?
-262
In base 11, what is 0 - 4061?
-4061
In base 2, what is -100010 + 1?
-100001
In base 3, what is -1 + -200220?
-200221
In base 2, what is -100010 + 10101?
-1101
In base 10, what is -19488 - 3?
-19491
In base 15, what is -7 - 5?
-c
In base 9, what is 0 - 57?
-57
In base 13, what is -2 - -106?
104
In base 13, what is -4541 - -1?
-4540
In base 10, what is 6 + -133?
-127
In base 12, what is -9 - -145?
138
In base 15, what is 3 - -223e?
2242
In base 7, what is 0 + 23?
23
In base 2, what is 100000000101 + 11?
100000001000
In base 11, what is 11a + -4?
116
In base 3, what is 2000 + 10222?
12222
In base 15, what is -1 + 186?
185
In base 5, what is 4433 + -10?
4423
In base 13, what is 2 + -13?
-11
In base 10, what is -1 + -721?
-722
In base 6, what is -2 - -3112?
3110
In base 14, what is -9 + 13?
8
In base 13, what is 1 + 51?
52
In base 5, what is 244 + -1?
243
In base 4, what is 0 - -3?
3
In base 6, what is -13 + -15?
-32
In base 12, what is -426 + 4?
-422
In base 11, what is 3a - 45?
-6
In base 4, what is 1010 - -11?
1021
In base 12, what is -4 - -31?
29
In base 14, what is -2081 + 2?
-207d
In base 3, what is 2010202 + -2?
2010200
In base 8, what is -625 + -5?
-632
In base 8, what is -3 - -340?
335
In base 7, what is -110 + 6?
-101
In base 2, what is -101 + -10110110000?
-10110110101
In base 9, what is -6323 + 5?
-6317
In base 12, what is 2 + -33?
-31
In base 5, what is -4 - 314?
-323
In base 10, what is -6 + 2?
-4
In base 10, what is 362 - -9?
371
In base 10, what is -11 - 523?
-534
In base 16, what is 0 - da?
-da
In base 4, what is -1212 + -103?
-1321
In base 10, what is -4 + 20?
16
In base 14, what is 0 + 774?
774
In base 5, what is -3 + 141?
133
In base 6, what is 214003 + -1?
214002
In base 6, what is -111504 + 1?
-111503
In base 16, what is -4 + -3c?
-40
In base 14, what is -5 - -21?
1a
In base 16, what is -19 + -6?
-1f
In base 16, what is -6d + 2a?
-43
In base 6, what is -43 + -52?
-135
In base 8, what is -1 - -3326?
3325
In base 7, what is -160502 + -1?
-160503
In base 10, what is 389 - 3?
386
In base 4, what is -112032 + 10?
-112022
In base 11, what is -3 - 340?
-343
In base 14, what is 5 - -2a?
31
In base 14, what is 9b1 - -3?
9b4
In base 12, what is 305 - 0?
305
In base 13, what is -2aa + 2?
-2a8
In base 16, what is -1 + -bb5?
-bb6
In base 6, what is -4 + -10330?
-10334
In base 14, what is -2960 + 4?
-295a
In base 16, what is -4493 - -4?
-448f
In base 2, what is 10011101 + -1011?
10010010
In base 11, what is -454 + -2?
-456
In base 2, what is 110110 + -11101?
11001
In base 2, what is -110 + -110?
-1100
In base 6, what is 122 - 1?
121
In base 9, what is 5 + -856?
-851
In base 15, what is -5900 + 1?
-58ee
In base 4, what is 2012 - -1?
2013
In base 7, what is 124 - 0?
124
In base 3, what is 1220 - -11102?
20022
In base 2, what is 10 + -1011110?
-1011100
In base 15, what is 2de - 4?
2da
In base 4, what is -2003 + -3?
-2012
In base 13, what is -334 + -9?
-340
In base 11, what is -362 + -2?
-364
In base 6, what is 421 + -4?
413
In base 14, what is 1 + 2198?
2199
In base 2, what is -1000 - 1001?
-10001
In base 9, what is -47 + -8?
-56
In base 11, what is 0 + 12?
12
In base 3, what is 201112120 + -1?
201112112
In base 13, what is 95 - 12?
83
In base 6, what is -4424 + 5?
-4415
In base 2, what is 11111111 + 1000?
100000111
In base 3, what is 1111 + 1020?
2201
In base 5, what is -2011 + 3?
-2003
In base 10, what is 3 - 1412?
-1409
In base 12, what is 2 + 173?
175
In base 10, what is 15 + -8?
7
In base 3, what is -11 - -111020?
111002
In base 13, what is -128 + -9?
-134
In base 3, what is -1 - -12010221?
12010220
In base 6, what is -50 + 4?
-42
In base 12, what is 40 - 177?
-137
In base 8, what is -1 - 1455?
-1456
In base 15, what is 3a1b + -1?
3a1a
In base 14, what is -10 - -8?
-6
In base 15, what is -1 - 22a?
-22b
In base 16, what is 9 + 4?
d
In base 8, what is 745 + 5?
752
In base 4, what is 2102 - 211?
1231
In base 11, what is 589 + -3?
586
In base 10, what is -3 + 10?
7
In base 6, what is -4 - 35?
-43
In base 9, what is 1247 + -4?
1243
In base 10, what is -3 - 1?
-4
In base 8, what is 4 - 277?
-273
In base 6, what is 4033 + 20?
4053
In base 13, what is -56b + 0?
-56b
In base 12, what is 63 + 4a?
b1
In base 16, what is 2ae - 5?
2a9
In base 16, what is 934 + 4?
938
In base 4, what is -3 + -11003?
-11012
In base 2, what is -1101001 + 1?
-1101000
In base 13, what is 6 + 15?
1b
In base 15, what is 7 - -110?
117
In base 3, what is -2 + -122010?
-122012
In base 16, what is -c7 + 1?
-c6
In base 3, what is -11121 - -1010?
-10111
In base 11, what is 3 + -2a?
-27
In base 9, what is -321 + -26?
-347
In base 9, what is -24 - -41?
16
In base 16, what is 2a + 0?
2a
In base 4, what is -1221 - 102?
-1323
In base 2, what is 1 - -10011110?
10011111
In base 14, what is 19 + -81?
-66
In base 16, what is 4a4 - -4?
4a8
In base 5, what is 1 + 3241?
3242
In base 12, what is -10ab - -4?
-10a7
In base 16, what is -605 + -4?
-609
In base 12, what is 914 + -5?
90b
In base 4, what is 2 - 331032?
-331030
In base 5, what is 413 + -1?
412
In base 6, what is 1 + 50300?
50301
In base 7, what is 3 - -34?
40
In base 11, what is -5 + -14?
-19
In base 16, what is 1 + 24?
25
In base 8, what is 25 + 66?
113
In base 10, what is -20702 + 3?
-20699
In base 8, what is 30 + -2?
26
In base 2, what is -101 - 11110?
-100011
In base 13, what is 62 + 5?
67
In base 10, what is -6 - -3?
-3
In base 15, what is -1 - 32e?
-330
In base 3, what is 1122 - -2?
1201
In base 11, what is 16 - 300?
-295
In base 3, what is -12000 + -11?
-12011
In base 6, what is 1021 - -5?
1030
In base 10, what is 5 - -5?
10
In base 3, what is -201 - 212?
-1120
In base 13, what is 299 + -6?
293
In base 4, what is 10 + 232?
302
In base 6, what is -312215 - 4?
-312223
In base 12, what is 1 - -6b?
70
In base 5, what is -3 - -2100?
2042
In base 11, what is 117 + 4?
120
In base 13, what is 23 + 0?
23
In base 15, what is -5c + -3?
-60
In base 7, what is 41 + 32?
103
In base 4, what is 3102100 + 3?
3102103
In base 4, what is 3 - -1113212?
1113221
In base 2, what is 1001010 + -11?
1000111
In base 6, what is -51 + -532?
-1023
In base 4, what is 11322 - -10?
11332
In base 8, what is 4235 - 5?
4230
In base 13, what is 17202 - 2?
17200
In base 11, what is -17 - 0?
-17
In base 10, what is -67 + -6?
-73
In base 4, what is 313 - -20?
333
In base 10, what is -2 - -224?
222
In base 5, what is 0 - -30402?
30402
In base 15, what is 2 + -a4?
-a2
In base 9, what is 7 - -5?
13
In base 4, what is 1020 + 10?
1030
In base 8, what is 3 - 1662?
-1657
In base 14, what is -d55 - 2?
-d57
In base 2, what is -1100 + 1?
-1011
In base 15, what is -11 + -1d5?
-1e6
In base 8, what is -2705 - 3?
-2710
In base 6, what is 403 - -1?
404
In base 16, what is 2e + d?
3b
In base 5, what is -13 + -2?
-20
In base 2, what is 1100110 - 100101?
1000001
In base 3, what is -101 - -1200?
1022
In base 9, what is 1 + -17?
-16
In base 12, what is 0 - 1680?
-1680
In base 8, what is 732 - 2?
730
In base 10, what is -10377 - -5?
-10372
In base 10, what is 314 + -14?
300
In base 16, what is 9 + -3?
6
In base 9, what is 2 - 51?
-48
In base 9, what is 2 - 1774?
-1772
In base 5, what is 431 + 3?
434
In base 2, what is 10001001 + 101?
10001110
In base 5, what is 2 - 2313?
-2311
In base 13, what is -142a + -3?
-1430
In base 6, what is 334 + -53?
241
In base 11, what is -334 + -12?
-346
In base 5, what is -1121 - -2?
-1114
In base 7, what is 23 + -3535?
-3512
In base 5, what is -3 - 302321?
-302324
In base 8, what is -11 + -64?
-75
In base 10, what is -10 - -285?
275
In base 9, what is 3 + 10?
13
In base 9, what is -22 + 1?
-21
In base 13, what is -201 + 2?
-1cc
In base 6, what is 5 - 25345?
-25340
In base 9, what is 122 + -26?
85
In base 11, what is -a - -111?
102
In base 10, what is 16 + 5?
21
In base 11, what is 1988 + 3?
1990
In base 11, what is 16 - 49?
-33
In base 12, what is 7b + 1a?
99
In base 8, what is 1373 - 0?
1373
In base 8, what is 4 + -24?
-20
In base 2, what is -10110000 - 100011?
-11010011
In base 9, what is -12 - 315?
-327
In base 10, what is 13 - 13?
0
In base 3, what is 101020 + 1000?
102020
In base 8, what is 1 + 615?
616
In base 16, what is c - 2?
a
In base 7, what is 4 - 601?
-564
In base 16, what is -3f - 6?
-45
In 